by 1967.
575
Calculate the remainder when 217635595 is divided by 4368.
4363
Calculate the remainder when 535053 is divided by 723.
33
Calculate the remainder when 155034 is divided by 1212.
1110
Calculate the remainder when 545529914 is divided by 320.
314
What is the remainder when 62083662 is divided by 3880228?
14
What is the remainder when 37302 is divided by 4249?
3310
Calculate the remainder when 44562206 is divided by 330.
326
What is the remainder when 779449 is divided by 14697?
508
Calculate the remainder when 94616 is divided by 428.
28
Calculate the remainder when 227817372 is divided by 7.
6
What is the remainder when 5344 is divided by 9?
7
What is the remainder when 749386 is divided by 1484?
1450
Calculate the remainder when 1073952 is divided by 1989.
1881
What is the remainder when 350769 is divided by 31698?
2091
Calculate the remainder when 416859 is divided by 19850.
9
Calculate the remainder when 96454157 is divided by 48227071.
15
What is the remainder when 18252721 is divided by 3153?
4
Calculate the remainder when 9322563 is divided by 72.
3
Calculate the remainder when 168040995 is divided by 778.
775
What is the remainder when 222920 is divided by 256?
200
Calculate the remainder when 960092 is divided by 5962.
210
What is the remainder when 132121843 is divided by 1886?
1885
What is the remainder when 1935263 is divided by 3462?
5
What is the remainder when 1180976 is divided by 393654?
14
What is the remainder when 138802 is divided by 68846?
1110
What is the remainder when 4280747 is divided by 553?
527
Calculate the remainder when 844695 is divided by 144.
135
What is the remainder when 7546699 is divided by 5201?
48
What is the remainder when 375489 is divided by 187623?
243
What is the remainder when 1853333 is divided by 408?
197
What is the remainder when 72844 is divided by 1369?
287
What is the remainder when 1449466 is divided by 2699?
103
Calculate the remainder when 33797427 is divided by 119.
118
Calculate the remainder when 11593469 is divided by 7.
6
Calculate the remainder when 4231148 is divided by 9.
5
What is the remainder when 5699 is divided by 2727?
245
What is the remainder when 2300935 is divided by 25?
10
Calculate the remainder when 118351836 is divided by 24.
12
What is the remainder when 13871649 is divided by 41?
37
Calculate the remainder when 9145079 is divided by 72.
71
Calculate the remainder when 25347258 is divided by 691.
687
What is the remainder when 128944 is divided by 32234?
8
What is the remainder when 107323595 is divided by 50081?
12
What is the remainder when 116648 is divided by 19382?
356
Calculate the remainder when 27602188 is divided by 116.
104
Calculate the remainder when 10353341 is divided by 92.
29
Calculate the remainder when 900651 is divided by 178.
149
Calculate the remainder when 21825382 is divided by 277.
275
Calculate the remainder when 518128309 is divided by 676.
673
What is the remainder when 4094125 is divided by 63?
7
Calculate the remainder when 757602 is divided by 56.
34
Calculate the remainder when 6773255 is divided by 712.
711
Calculate the remainder when 212292 is divided by 89.
27
Calculate the remainder when 12021040 is divided by 12021024.
16
Calculate the remainder when 23070 is divided by 3371.
2844
Calculate the remainder when 4040519 is divided by 1346832.
23
Calculate the remainder when 32381752 is divided by 178.
170
Calculate the remainder when 184944307 is divided by 61648096.
19
What is the remainder when 18169044 is divided by 42?
12
Calculate the remainder when 474191 is divided by 2117.
2100
What is the remainder when 666131 is divided by 50?
31
Calculate the remainder when 22102660 is divided by 7367550.
10
What is the remainder when 191002 is divided by 21?
7
Calculate the remainder when 388445 is divided by 388311.
134
Calculate the remainder when 739670 is divided by 25.
20
What is the remainder when 22953 is divided by 2448?
921
What is the remainder when 38075629 is divided by 201?
199
Calculate the remainder when 44155 is divided by 14420.
895
Calculate the remainder when 62824335 is divided by 22.
13
What is the remainder when 43043837 is divided by 1201?
1198
What is the remainder when 13932 is divided by 13032?
900
What is the remainder when 2163750 is divided by 8?
6
What is the remainder when 8770686 is divided by 96381?
15
What is the remainder when 19783718 is divided by 334?
230
Calculate the remainder when 169724136 is divided by 683.
2
Calculate the remainder when 25057093 is divided by 79546.
103
Calculate the remainder when 3057033 is divided by 277912.
1
What is the remainder when 3011725 is divided by 156?
145
Calculate the remainder when 50225102 is divided by 35.
32
Calculate the remainder when 14800 is divided by 259.
37
What is the remainder when 923625 is divided by 188?
169
Calculate the remainder when 19140431 is divided by 2504.
2359
What is the remainder when 666744 is divided by 689?
481
What is the remainder when 10990066 is divided by 93?
70
Calculate the remainder when 388154 is divided by 387905.
249
Calculate the remainder when 419330 is divided by 344.
338
Calculate the remainder when 548717 is divided by 6532.
29
Calculate the remainder when 9649589 is divided by 1217.
1213
What is the remainder when 12103428 is divided by 60?
48
What is the remainder when 1804356 is divided by 5234?
3860
Calculate the remainder when 2997822 is divided by 220.
102
What is the remainder when 737939 is divided by 2785?
2699
What is the remainder when 2072857 is divided by 207284?
17
What is the remainder when 15769340 is divided by 42277?
19
What is the remainder when 14194364 is divided by 189258?
14
Calculate the remainder when 1357284 is divided by 339215.
424
Calculate the remainder when 85444 is divided by 294.
184
What is the remainder when 74659027 is divided by 14?
9
Calculate the remainder when 641321 is divided by 1553.
1485
Calculate the remainder when 80724 is divided by 1200.
324
Calculate the remainder when 130108 is divided by 839.
63
Calculate the remainder when 48453 is divided by 654.
57
What is the remainder when 148975 is divided by 73291?
2393
Calculate the remainder when 91117 is divided by 90590.
527
What is the remainder when 17501323 is divided by 25?
23
Calculate the remainder when 2109193 is divided by 54080.
73
What is the remainder when 27775469 is divided by 49?
15
What is the remainder when 4352776 is divided by 241820?
16
What is the remainder when 6398303 is divided by 11?
10
What is the remainder when 26555 is divided by 1134?
473
What is the remainder when 322358 is divided by 908?
18
What is the remainder when 449494 is divided by 240?
214
Calculate the remainder when 258700635 is divided by 30.
15
What is the remainder when 77028 is divided by 5129?
93
What is the remainder when 33859884 is divided by 11286624?
12
Calculate the remainder when 503499 is divided by 12910.
9
What is the remainder when 7047334 is divided by 57765?
4
Calculate the remainder when 5364545 is divided by 131.
95
What is the remainder when 1851882 is divided by 256?
234
Calculate the remainder when 149611 is divided by 3556.
259
Calculate the remainder when 1664391 is divided by 829.
588
Calculate the remainder when 344247842 is divided by 49178262.
8
Calculate the remainder when 52483403 is divided by 266.
7
What is the remainder when 17021922 is divided by 3820?
2
Calculate the remainder when 29011946 is divided by 2506.
2490
Calculate the remainder when 10666910 is divided by 58609.
72
What is the remainder when 5927003 is divided by 243?
233
Calculate the remainder when 3343359 is divided by 64.
63
Calculate the remainder when 566903 is divided by 1155.
953
Calculate the remainder when 796766 is divided by 15.
11
What is the remainder when 3197885 is divided by 4230?
5
Calculate the remainder when 3326754 is divided by 170.
24
Calculate the remainder when 60766195 is divided by 3240.
3235
What is the remainder when 33194212 is divided by 84?
16
What is the remainder when 105717 is divided by 1531?
78
Calculate the remainder when 2170227 is divided by 2977.
2971
Calculate the remainder when 1023448 is divided by 255388.
1896
Calculate the remainder when 84741193 is divided by 80.
73
Calcula